ultiple of 1737?
True
Is 515 a factor of 17325115?
True
Is 4299 a factor of 1068098557?
False
Does 421 divide 1001490864?
False
Is 365266440 a multiple of 22?
True
Is 20 a factor of 195193297?
False
Does 80 divide 6312320?
True
Is 5749604 a multiple of 14?
True
Is 2217 a factor of 739657710?
True
Is 17 a factor of 5565477?
True
Is 44 a factor of 12383592?
False
Is 822483552 a multiple of 304?
True
Is 18 a factor of 68590278?
True
Does 66 divide 67109592?
True
Is 638 a factor of 982069863?
False
Does 97 divide 384181789?
True
Is 52654545 a multiple of 58?
False
Does 70 divide 4070080?
True
Does 8 divide 133678409?
False
Is 15 a factor of 1704487587?
False
Does 16 divide 28179616?
True
Is 127149714 a multiple of 28?
False
Is 1619 a factor of 133669497?
True
Is 1436530544 a multiple of 225?
False
Is 12230441 a multiple of 31?
False
Does 15 divide 348886?
False
Is 37 a factor of 6022951?
False
Is 431 a factor of 344762?
False
Does 14 divide 216699686?
True
Is 878805060 a multiple of 282?
True
Does 111 divide 6424314925?
False
Does 5596 divide 160965535?
False
Is 17 a factor of 516800890?
False
Is 2130737027 a multiple of 6089?
False
Is 34891182 a multiple of 1674?
True
Does 5 divide 56310872?
False
Is 29 a factor of 19682798?
False
Does 41 divide 2931763056?
True
Is 494799481 a multiple of 4?
False
Is 98150760 a multiple of 30?
True
Does 1263 divide 147251907?
True
Is 31343665 a multiple of 17?
True
Is 1634391574 a multiple of 60?
False
Is 7 a factor of 390845969?
False
Does 1561 divide 665085904?
True
Is 250 a factor of 192503500?
True
Is 1639 a factor of 313093899?
False
Is 2100 a factor of 42409500?
True
Does 22 divide 44402446?
True
Is 116707560 a multiple of 6?
True
Does 252 divide 699595?
False
Does 385 divide 808419920?
True
Is 19955432 a multiple of 518?
True
Is 121063684 a multiple of 436?
True
Is 1767 a factor of 97001517?
False
Is 2564 a factor of 506995104?
True
Does 362 divide 2169148888?
True
Is 9175977 a multiple of 29?
True
Is 33 a factor of 1215211?
False
Does 904 divide 3501056464?
False
Is 28 a factor of 364776832?
True
Does 12 divide 430933077?
False
Is 13465760 a multiple of 112?
True
Is 1418 a factor of 97114379?
False
Does 454 divide 83144198?
True
Is 41 a factor of 343459624?
True
Is 655 a factor of 11018191?
False
Is 9 a factor of 820395?
True
Is 5032 a factor of 2897078392?
True
Is 13 a factor of 970378792?
False
Is 355648464 a multiple of 18?
True
Is 920 a factor of 163240168?
False
Is 149 a factor of 14495018?
True
Does 82 divide 25416265?
False
Is 52 a factor of 189624916?
True
Is 391827823 a multiple of 169?
False
Is 316 a factor of 17071860?
False
Is 108037598 a multiple of 19?
False
Does 9 divide 5841072?
True
Does 2163 divide 690587499?
True
Does 1540 divide 89745816?
False
Is 24 a factor of 121168626?
False
Does 8 divide 179293249?
False
Is 262 a factor of 102522298?
False
Is 11 a factor of 41472463?
False
Is 16418896 a multiple of 14?
False
Is 191 a factor of 205143301?
False
Is 62680224 a multiple of 561?
False
Is 113 a factor of 6502760?
False
Is 41 a factor of 42036685?
True
Does 214 divide 648350022?
True
Is 94522609 a multiple of 16?
False
Is 113 a factor of 2291130489?
False
Is 26431695 a multiple of 1316?
False
Is 90 a factor of 101426696?
False
Is 2604 a factor of 59177463?
False
Does 337 divide 1333078988?
True
Is 74300756 a multiple of 27?
False
Is 2136 a factor of 188504236?
False
Does 497 divide 2736488958?
True
Does 28 divide 5558896?
True
Does 3 divide 54621377?
False
Is 7799619 a multiple of 3?
True
Does 373 divide 23155028?
False
Is 400 a factor of 88508183?
False
Is 32 a factor of 957143936?
True
Is 687026 a multiple of 12?
False
Is 54642410 a multiple of 14?
False
Is 34606260 a multiple of 1286?
True
Is 39 a factor of 82609839?
True
Is 12 a factor of 410570748?
True
Does 303 divide 1739692109?
False
Does 89 divide 16568596?
True
Is 6 a factor of 22915315?
False
Does 129 divide 3986123865?
True
Does 13 divide 12154014?
False
Is 158 a factor of 821323227?
False
Does 143 divide 85753525?
True
Is 395258536 a multiple of 2499?
False
Is 19130071 a multiple of 41?
False
Is 1621 a factor of 1343195230?
False
Is 57808980 a multiple of 45?
True
Does 27 divide 530647284?
False
Is 11 a factor of 421510001?
True
Is 736476613 a multiple of 2033?
True
Is 2025297 a multiple of 3?
True
Does 253 divide 875690539?
False
Is 6 a factor of 902628?
True
Is 2631410200 a multiple of 40?
True
Is 1026377817 a multiple of 1159?
False
Is 232 a factor of 144505634?
False
Does 2423 divide 74078045?
False
Is 47017867 a multiple of 2?
False
Does 12 divide 584576016?
True
Is 18597447 a multiple of 57?
True
Is 1543 a factor of 6864807?
True
Is 11198440 a multiple of 44?
True
Is 193594232 a multiple of 52?
True
Does 61 divide 16502330?
True
Is 8 a factor of 1011160?
True
Does 724 divide 907136524?
True
Does 584 divide 32629597?
False
Is 25 a factor of 6109800?
True
Is 393681138 a multiple of 4?
False
Does 14 divide 1122935142?
True
Is 22176282 a multiple of 21?
False
Is 3979007342 a multiple of 68?
False
Is 469635080 a multiple of 59?
False
Is 9044997 a multiple of 29?
False
Is 359250561 a multiple of 4517?
True
Does 299 divide 118329394?
False
Is 29582488 a multiple of 12?
False
Is 30431891 a multiple of 102?
False
Is 5671125 a multiple of 9?
True
Is 61 a factor of 313897021?
False
Does 69 divide 606500856?
False
Is 155765700 a multiple of 1674?
True
Is 31710435 a multiple of 277?
False
Is 418309050 a multiple of 10?
True
Is 92889849 a multiple of 3?
True
Does 18 divide 22460202?
True
Is 149543895 a multiple of 199?
False
Does 2066 divide 95514960?
False
Is 12253026 a multiple of 766?
False
Is 53 a factor of 327298606?
False
Is 3024751 even?
False
Does 201 divide 27050388?
False
Does 980 divide 267965320?
True
Does 12 divide 24250203?
False
Is 426 a factor of 144912420?
True
Is 2345520041 a multiple of 6254?
False
Is 607 a factor of 38256175?
True
Is 30396085 a multiple of 13?
False
Is 407748184 a multiple of 6?
False
Is 71876312 a multiple of 254?
False
Is 42238654 a multiple of 44?
False
Is 446838 a multiple of 28?
False
Does 4 divide 12687029?
False
Is 4156 a factor of 123133968?
True
Does 49 divide 1219176056?
True
Is 480865904 a multiple of 8?
True
Does 9 divide 41116093?
False
Is 4986579109 a multiple of 134?
False
Is 1231006194 a multiple of 88?
False
Does 2842 divide 4562558168?
True
Does 305 divide 678756455?
True
Is 24625455 a multiple of 645?
True
Is 431 a factor of 206896378?
True
Is 19132629 a multiple of 159?
True
Is 893 a factor of 160828702?
False
Is 166552800 a multiple of 2320?
True
Is 381555084 a multiple of 201?
True
Is 473689824 a multiple of 48?
True
Is 35 a factor of 21847294?
False
Does 203 divide 1952536?
False
Is 75766061 a multiple of 1129?
True
Is 6 a factor of 71960661?
False
Is 1442 a factor of 56943257?
False
Does 25 divide 735944773?
False
Is 25 a factor of 2401567623?
False
Is 18 a factor of 55542294?
True
Is 1033720451 a multiple of 2449?
True
Does 57 divide 3420000?
True
Does 90 divide 713790?
True
Does 228 divide 23799780?
True
Is 175 a factor of 41899095?
False
Does 65 divide 26633285?
False
Is 1827 a factor of 393217127?
False
Does 193 divide 10387839?
True
Is 1271 a factor of 167615667?
True
Is 67418896 a multiple of 4?
True
Is 4 a factor of 1371856?
True
Is 25 a factor of 45351714?
False
Is 383 a factor of 24663285?
True
Is 149 a factor of 75227?
False
Is 33 a factor of 171598317?
True
Is 90438585 a multiple of 1870?
False
Does 13 divide 40302760?
False
Does 585 divide 950760720?
True
Is 42794080 a multiple of 38?
True
Is 117922474 even?
True
Is 156946228 a multiple of 764?
True
Is 76031418 a multiple of 214?
True
Is 8 a factor of 2422261?
False
Is 1222 a factor of 622654016?
False
Is 1673 a factor of 68780376?
True
Is 867 a factor of 175171281?
True
Does 189 divide 271064745?
True
Does 40 divide 305522459?
False
Is 50 a factor of 35051250?
True
Is 1363 a factor of 97883845?
True
Does 8 divide 3119156?
False
Does 973 divide 107411996?
False
Is 10 a factor of 194601480?
True
Is 102 a factor of 6403?
False
Is 195 a factor of 2938425555?
True
Is 15543561 a multiple of 102?
False
Does 374 divide 44912538?
True
Is 6 a factor of 851121132?
True
Is 3 a factor of 56675371?
False
Is 32 a factor